**3. What are the prime factors of v(9)?
2, 7
Let w(a) be the second derivative of -a**3/2 - 3*a**2/2 + a. Let p be w(-2). Suppose -h + 0*h = 5*u + 11, 5*h + p*u = 11. List the prime factors of h.
2
Let s be ((-390)/(-9))/(4/12). Suppose 2*h - s = -3*h. What are the prime factors of h?
2, 13
Let q be (-4)/(-18) - (-2)/(-9). Suppose 2*z + 5*u + q*u = 24, 0 = -z + 4*u + 38. Suppose -3*r + z = -r. What are the prime factors of r?
11
List the prime factors of (-90)/(((-5)/15)/((-3)/(-9))).
2, 3, 5
Let j = 17 - 12. Suppose -2*i = j*b - 16 - 26, -4*i - 4 = -b. What are the prime factors of b?
2
Suppose 0 = 2*i - 3*i + 161. What are the prime factors of i?
7, 23
Suppose 35 = 3*q - 73. What are the prime factors of q/2 + 7 + -5?
2, 5
Let b(a) = a**3 + 7*a**2 + 4*a - 2. Let d(x) = -3*x**2 - 1 - x - x + 3. Let z be d(-2). List the prime factors of b(z).
2, 5
Let s be 2/4*(1 - 5). List the prime factors of 9/s*2/(-3).
3
Suppose -5*s = -4 - 16. Suppose -12 = -b + 1. Suppose s*r + 1 - b = 0. List the prime factors of r.
3
Let m(k) = -2*k - 16. Let y(f) = -f**2 - 2. Let r be y(3). List the prime factors of m(r).
2, 3
Let t = -25 + 68. Let q = t + -7. List the prime factors of q.
2, 3
Let n = -106 - -154. What are the prime factors of n?
2, 3
Suppose -3*y + c = -1129, 3*y + 1154 = 6*y + 4*c. What are the prime factors of y?
2, 3, 7
Let o(k) = k**3 + 6*k**2 - k - 2. Let x be o(-6). Let c(w) = 9*w - 3. List the prime factors of c(x).
3, 11
Suppose 0 = 4*n - 2*w - 10, -13 + 4 = -2*n + 5*w. List the prime factors of n/(-4) - 185/(-10).
2, 3
Let d(m) = -m**2 - 4*m + 11. List the prime factors of d(-5).
2, 3
Let k = 7 - 5. Suppose 0*t + k = t. List the prime factors of t.
2
Let k be 1*(3 - 2) + 0. Let n be 2 - (-1 + -15*k). Let l = 28 - n. What are the prime factors of l?
2, 5
Let d = -9 - -11. Suppose -d*t + 6*t = 64. List the prime factors of t.
2
Let p(s) = -s**3 + 12*s**2 - 11*s + 4. Let b be p(11). Suppose 0 = -b*i + n + 21, -2*i + 39 - 12 = 5*n. What are the prime factors of i?
2, 3
Let i(x) = -x**3 - x**2 - 2. Let f be i(2). Let g be (-48)/(-21) + 4/f. Suppose -m - 12 = -g*m. List the prime factors of m.
2, 3
Let v = 74 - 39. What are the prime factors of v?
5, 7
Let b(h) be the second derivative of -h**5/20 + h**4/2 - h**3/2 + 3*h**2/2 - h. What are the prime factors of b(4)?
23
Suppose 3*s + 13 = 190. List the prime factors of s.
59
Let t(h) = -10*h - 2. Let r be t(3). Suppose 2*l - 2*c = -0*c - 40, 2*c + 6 = 0. Let a = l - r. What are the prime factors of a?
3
Let i = -8 - -11. Suppose 5*c - 93 = 2*h, -4*h - 38 = -2*c - i*h. Let x = 34 - c. List the prime factors of x.
17
Let w(d) = -3*d + d**2 + d - 6*d. Let f be w(5). List the prime factors of (18/f)/(4/(-10)).
3
Suppose 0 = t - 1 - 3. Suppose -t*p + 8 = -24. List the prime factors of p.
2
Let k = 208 + -144. List the prime factors of k.
2
Let v be (21 - 1) + -5 + 4. Suppose 5*a - 11 = v. What are the prime factors of a?
2, 3
Suppose -4*x + 28 = -4*j, 5*x - 4*j = 28 + 3. Let g(m) = m**3 + m**2 - 3*m + 4. List the prime factors of g(x).
31
Suppose 20*d - 15*d = 210. List the prime factors of d.
2, 3, 7
Let v(j) = -j**2 - 4*j + 3*j + 13 + 2*j**2 - j**3 - 2*j**2. What are the prime factors of v(0)?
13
What are the prime factors of 1/4 - (-158)/8?
2, 5
Suppose 0*d = 2*d - 22. Let r = d + -6. What are the prime factors of r?
5
Suppose 20 + 65 = 5*c. Suppose 0 = -w - 0*w - 4*h + c, w + 3*h = 21. Let l = w + -21. What are the prime factors of l?
2, 3
Suppose -4*p + 20 = 0, k - 11 = -0*k - 3*p. Let n(z) = -z**2 - 4*z + 2. List the prime factors of n(k).
2
Let a = -8 + 19. List the prime factors of a + 2*1/(-2).
2, 5
Let u = -104 + 67. Let y be (-2)/5 - u/5. Suppose -q + y - 3 = 0. List the prime factors of q.
2
Let y(r) = r**3 + r**2 - 2*r + 2. Let h be y(2). Suppose 5*d - 3*i - 32 = 10, -d + h = i. List the prime factors of d.
3
Let h = -24 - -97. What are the prime factors of h?
73
Let k = 5 + 27. Let d = k + -16. Suppose 0 = -5*w + 86 - d. List the prime factors of w.
2, 7
Let r be ((-12)/(-10))/((-3)/(-15)). What are the prime factors of 33/6 + 3/r?
2, 3
Let d be ((-93)/3)/(-1) - 3. Let s = d + -8. What are the prime factors of s?
2, 5
Let q(g) = 12*g + 20. What are the prime factors of q(8)?
2, 29
Let l(z) = -2 - 6*z + 2 - 3*z**2 + z**3. List the prime factors of l(5).
2, 5
Let j(h) = -h**3 - 3*h**2 + 6*h + 6. Let z be j(-4). Let g(l) = -l**3 - 2*l**2 + 2*l + 3. Let b be g(z). Let d = 14 - b. What are the prime factors of d?
3, 5
Suppose 0 = 10*t - 4*t - 102. Let z = -14 + t. What are the prime factors of z?
3
Suppose -7*c + 8 = -3*c, 0 = -4*x + 4*c + 936. What are the prime factors of x?
2, 59
Suppose 0 = -4*y + 192 + 56. Suppose v - 67 = -4*v + 4*d, 4*v + d - y = 0. What are the prime factors of v?
3, 5
Let g(s) be the first derivative of -s**3/3 + 6*s**2 - 4*s + 8. List the prime factors of g(9).
23
Suppose -5*l = -2*l - 6. Let s = l + -10. Let t = -6 - s. List the prime factors of t.
2
Let a(j) = -j**3 + j**2 + j + 3. Let w be a(7). Let b be 6/(-27) + w/18. Let m = b + 26. What are the prime factors of m?
2, 5
Suppose -5*r = 3*a - 6, -2*a = 5*r - 3 - 1. Let i(u) = u**3 + 2*u**2 - 2*u + 1. List the prime factors of i(a).
13
Let o be (-2 - 0)*34/4. Let l = -8 - o. List the prime factors of l.
3
What are the prime factors of 92/2*(-8 + 9)?
2, 23
Suppose -a + 2*a = -2*i + 93, a - 83 = 3*i. List the prime factors of a.
89
Let m(a) = a**3 + 6*a**2 - 2*a + 3. What are the prime factors of m(-6)?
3, 5
Suppose -12 - 12 = 3*f. Let p be -24*(f/(-3))/4. Let z = p + 28. What are the prime factors of z?
2, 3
Suppose -3*b - 32 = -7*b + 4*o, 3*o = 0. Suppose 5*u = 42 + b. List the prime factors of u.
2, 5
Let h = 163 - 52. List the prime factors of h.
3, 37
Let o be 2/(-4)*-8 - 1. Suppose 3*q + 20 = -q, o*q - 33 = -4*p. Let d = p + -5. What are the prime factors of d?
7
Suppose 0 = -8*b + 4*b + 136. Let x = b - 21. What are the prime factors of x?
13
Let m be (-64)/(4/4 + -3). Let x = m + -3. List the prime factors of x.
29
Suppose 0 = -4*s - 2*a + 60 - 12, 0 = -4*s - 3*a + 44. Let r = s + 5. Let w = 32 - r. List the prime factors of w.
13
Suppose 4*b - 2*k = 742, 4*b - 264 = 4*k + 476. What are the prime factors of b?
2, 3, 31
Let o be 32/24*(-3)/(-2). What are the prime factors of (72/20)/(o/5)?
3
Suppose 7*p - 2*p - 720 = 0. List the prime factors of p.
2, 3
Suppose -j + 8 = 3*j. Suppose -j*f + 3 = -19. What are the prime factors of 2/4 - f/(-2)?
2, 3
Let p = -5 + 11. Let s = p + -4. List the prime factors of s/(-13) + 197/13.
3, 5
Suppose -178 + 48 = -5*w. Suppose w - 6 = -2*d. Let p = 5 - d. List the prime factors of p.
3, 5
Let v(u) = u**3 + 5*u**2 - 3*u + 3. List the prime factors of v(-4).
31
What are the prime factors of (-24)/20*280/(-6)?
2, 7
Let n = 4 - 1. Suppose 0 = 2*a - n*a - 27. Let q = 38 + a. What are the prime factors of q?
11
Let f be 9 - 1/(2/(-2)). Suppose 5*r = f - 0, -2*b = -5*r - 2. Suppose -j + b = -0*j. What are the prime factors of j?
2, 3
Let t = -6 - 5. Let q(x) = -x**3 - 11*x**2 - 2*x - 12. What are the prime factors of q(t)?
2, 5
Suppose 2*f - 4*f + 332 = 0. List the prime factors of f.
2, 83
Let m = -3 + 5. Suppose d - 153 = -5*y + 5*d, 2*y = -m*d + 54. List the prime factors of y.
29
Suppose 3*f + 2*o + 0*o = -27, 5*f + 20 = 5*o. Let z(g) = g + 17. What are the prime factors of z(f)?
2, 5
Let k be 2/(-5) + (-189)/(-35). Suppose -6*d + 13 = -k*d. Suppose -5*l - d = 3*v - 2*v, -4*l = -v + 23. List the prime factors of v.
7
Let x(s) = -s**3 - 3*s**2 - 6*s - 4. Let k be x(-5). Let v(j) = j**3 - 4*j**2 - 3*j + 6. Let t be v(5). List the prime factors of k/18 - t/72.
2
Suppose 59 = 3*s - 28. Let b(g) = g**2 - g - 18. Let w be b(0). Let q = w + s. List the prime factors of q.
11
Let s = 8 + -6. Suppose 5*z - 8 = s. List the prime factors of z.
2
Let q be -6*3*(-3)/6. Suppose -2*n + q = -7. What are the prime factors of n?
2
Let o = 1 + 56. What are the prime factors of o?
3, 19
Suppose -n = 5*x - 6*n - 145, 0 = 2*n + 6. Let c = x - 17. What are the prime factors of c?
3
Let l = 8 + -4. Suppose 5 = 2*x + 5*j, -l*x + j + 55 = -4*j. What are the prime factors of x?
2, 5
Suppose -1 = -5*v + 3*r + r, 0 = 3*v + r - 4. Let m be (v/(-3))/((-3)/(-9)). What are the prime factors of 20/8 - m/2?
